{"id":1711,"date":"2020-09-13T17:07:20","date_gmt":"2020-09-13T14:07:20","guid":{"rendered":"http:\/\/www.uhukder.com\/demo\/?page_id=1711"},"modified":"2020-10-18T17:10:44","modified_gmt":"2020-10-18T14:10:44","slug":"uyelik","status":"publish","type":"page","link":"https:\/\/www.uhukder.com\/index.php\/kurumsal\/uyelik\/","title":{"rendered":"\u00dcyelik Ko\u015fullar\u0131"},"content":{"rendered":"<p>[vc_row parallax_speed=&#8221;4&#8243; parallax_x=&#8221;4&#8243; parallax_y=&#8221;4&#8243;][vc_column][vc_single_image image=&#8221;2017&#8243; img_size=&#8221;827&#215;470&#8243; style=&#8221;vc_box_shadow_border&#8221;][vc_row_inner][vc_column_inner][vc_empty_space height=&#8221;50px&#8221;][vc_empty_space height=&#8221;50px&#8221;][vc_column_text]<\/p>\n<div class=\"flat-text-block-timeline\">\n<div class=\"year\">\u00dcYEL\u0130K<\/div>\n<div class=\"flat-timeline-content\">\n<h4>Madde 4<\/h4>\n<p>Dernek \u00fcyeleri asli ve fahri olarak iki k\u0131s\u0131md\u0131r.<\/p>\n<p><strong>a) Asil \u00dcyelik:<\/strong>\u00a0Derne\u011fe asli \u00fcye olabilmek i\u00e7in mevzuat\u0131n arad\u0131\u011f\u0131 \u015fartlardan ba\u015fka bir T\u00fcrk veya yabanc\u0131 hukuk fak\u00fcltesi mezunu olmak ve T\u00fcrkiye Cumhuriyeti vatanda\u015f\u0131 olmak, yabanc\u0131 uyru\u011funda ise T\u00fcrkiye\u2019de ikamet etmekte bulunmak ve T\u00fcrk Hukuku ile ilgilenmi\u015f olmak ve T\u00fcrk\u00e7e bilmek \u015fartt\u0131r.<\/p>\n<p>Bu t\u00fcz\u00fckle te\u015fkil edilen kurullarda oy hakk\u0131 yaln\u0131z asil \u00fcyelere mahsustur.<\/p>\n<p><strong>b) Fahri \u00fcyelik:<\/strong>\u00a0Fiili veya kar\u015f\u0131l\u0131ks\u0131z olarak derne\u011fe hizmet eden, maddi ve manevi yarar sa\u011flayan ki\u015filere Y\u00f6netim Kurulu karar\u0131 ile fahri \u00fcyelik unvan\u0131 verilebilir.<\/p>\n<\/div>\n<\/div>\n<p>[\/vc_column_text][vc_column_text]<\/p>\n<div class=\"flat-text-block-timeline\">\n<div class=\"year\">\u00dcYEL\u0130\u011eE KABUL<\/div>\n<div class=\"flat-timeline-content\">\n<h4>Madde 5<\/h4>\n<p>Asil \u00fcyelik ba\u015fvurusunda bulunabilmek i\u00e7in, dernek \u00fcyesi en az iki ki\u015finin yaz\u0131l\u0131 tavsiyesinin al\u0131nmas\u0131 ve yaz\u0131l\u0131 ba\u015fvuru ile birlikte, tavsiye mektuplar\u0131n\u0131n Y\u00f6netim Kuruluna sunulmas\u0131 gerekir.<\/p>\n<p>Yaz\u0131l\u0131 olarak yap\u0131lacak \u00fcyelik ba\u015fvurusu, dernek y\u00f6netim kurulunca en ge\u00e7 otuz g\u00fcn i\u00e7inde karara ba\u011flan\u0131r ve sonu\u00e7 yaz\u0131yla ba\u015fvuru sahibine bildirilir. Ba\u015fvurusu kabul edilen \u00fcye bu ama\u00e7la tutulan deftere kay\u0131t edilir.<\/p>\n<\/div>\n<\/div>\n<p>[\/vc_column_text][vc_column_text]<\/p>\n<div class=\"flat-text-block-timeline\">\n<div class=\"year\">\u00dcYEL\u0130KTEN \u00c7IKMA<\/div>\n<div class=\"flat-timeline-content\">\n<h4>Madde 6<\/h4>\n<p>\u00dcyeler her zaman \u00fcyelikten \u00e7\u0131kabilirler. Ancak bu husustaki yaz\u0131l\u0131 beyan\u0131n Derne\u011fe \u015fahsen tevdii veya iadeli taahh\u00fctl\u00fc mektupla yahut noter arac\u0131l\u0131\u011f\u0131yla g\u00f6nderilmesi laz\u0131md\u0131r. \u00dcyelikten ayr\u0131lma, \u00fcyenin derne\u011fe olan birikmi\u015f bor\u00e7lar\u0131n\u0131 sona erdirmez.<\/p>\n<\/div>\n<\/div>\n<p>[\/vc_column_text][vc_column_text]<\/p>\n<div class=\"flat-text-block-timeline\">\n<div class=\"year\">\u00dcYEL\u0130KTEN \u00c7IKARILMA<\/div>\n<div class=\"flat-timeline-content\">\n<h4>Madde 7<\/h4>\n<p>Dernek \u00fcyeli\u011finden \u00e7\u0131kar\u0131lmay\u0131 gerektiren haller:<\/p>\n<p>Dernek yetkili kurullar\u0131nca verilen g\u00f6revlerden s\u00fcrekli ka\u00e7\u0131nmak ve Derne\u011fin ama\u00e7 ile hizmet konular\u0131na ilgisizlik g\u00f6stermek,<\/p>\n<p>Derneklere \u00fcye olma hakk\u0131n\u0131 yitirme ve Dernek Ana T\u00fcz\u00fc\u011f\u00fc H\u00fck\u00fcmleri ile Genel Kurul ve Y\u00f6netim Kurulu kararlar\u0131na ayk\u0131r\u0131 davranmak,<\/p>\n<p>Yetkili olmad\u0131\u011f\u0131 halde Dernek ad\u0131na hukuksal i\u015flemlerde bulunup, Derne\u011fi bor\u00e7 ve y\u00fck\u00fcml\u00fcl\u00fck alt\u0131na sokmak,<\/p>\n<p>Derne\u011fin amac\u0131n\u0131n ger\u00e7ekle\u015fmesinin zorla\u015ft\u0131r\u0131c\u0131 ve engelleyici i\u015flem ve eylemlerde bulunmak,<\/p>\n<p>Dernek faaliyetlerini engellemek veya dernek itibar\u0131n\u0131 zedeleyici s\u00f6zler sarf etmek, yaz\u0131l\u0131 beyanlarda veya sair davran\u0131\u015flarda bulunmak,<\/p>\n<p>Ayl\u0131k aidatlar\u0131n\u0131 \u00fcst \u00fcste iki (iki) y\u0131l \u00f6dememek,<\/p>\n<p>Genel Kurul\u2019a \u00fcst \u00fcste 5 kez mazeretsiz olarak kat\u0131lmamak.<\/p>\n<p>Yukar\u0131da say\u0131lan durumlardan birinin tespiti halinde \u00fcye y\u00f6netim kurulu karar\u0131 ile \u00fcyelikten \u00e7\u0131kar\u0131labilir. Dernekten \u00e7\u0131kan veya \u00e7\u0131kar\u0131lanlar, \u00fcye kay\u0131t defterinden silinir ve dernek mal varl\u0131\u011f\u0131nda hak iddia edemez.<\/p>\n<p>\u00c7\u0131kar\u0131lan \u00fcye, kendisine bildirilen karara kar\u015f\u0131 bildirim tarihinden ba\u015flamak \u00fczere on be\u015f (15) g\u00fcn i\u00e7inde Dernek Y\u00f6netim Kurulu arac\u0131l\u0131\u011f\u0131 ile Genel Kurula yaz\u0131l\u0131 olarak itiraz edebilir. \u0130tiraz, ilk Genel Kurul Toplant\u0131s\u0131nda g\u00f6r\u00fc\u015f\u00fcl\u00fcr ve karara ba\u011flan\u0131r. \u0130tiraz\u0131n karara ba\u011flanmas\u0131na kadar \u00fcyenin hak ve y\u00fck\u00fcml\u00fcl\u00fckleri devam eder.<\/p>\n<p>\u00dcyenin s\u00fcresinde itiraz etmemesi ya da itiraz\u0131n Genel Kurulda reddedilmesi halinde Dernek Y\u00f6netim Kurulu \u00fcyenin \u201c\u00dcye Kay\u0131t Defteri\u201dndeki kayd\u0131n\u0131 siler. \u00c7\u0131kar\u0131lan \u00fcyenin Genel Kurul tarihinden ba\u015flamak \u00fczere bir (1) ay i\u00e7inde al\u0131nan karara kar\u015f\u0131 mahkemeye ba\u015fvurma hakk\u0131 sakl\u0131d\u0131r.<\/p>\n<\/div>\n<\/div>\n<p>[\/vc_column_text][\/vc_column_inner][\/vc_row_inner][\/vc_column][\/vc_row]<\/p>\n","protected":false},"excerpt":{"rendered":"<p>[vc_row parallax_speed=&#8221;4&#8243; parallax_x=&#8221;4&#8243; parallax_y=&#8221;4&#8243;][vc_column][vc_single_image image=&#8221;2017&#8243; img_size=&#8221;827&#215;470&#8243; style=&#8221;vc_box_shadow_border&#8221;][vc_row_inner][vc_column_inner][vc_empty_space height=&#8221;50px&#8221;][vc_empty_space height=&#8221;50px&#8221;][vc_column_text] \u00dcYEL\u0130K Madde 4 Dernek \u00fcyeleri asli ve fahri olarak iki k\u0131s\u0131md\u0131r. a) Asil \u00dcyelik:\u00a0Derne\u011fe asli \u00fcye olabilmek i\u00e7in mevzuat\u0131n arad\u0131\u011f\u0131 \u015fartlardan ba\u015fka bir T\u00fcrk veya yabanc\u0131 hukuk fak\u00fcltesi mezunu olmak ve T\u00fcrkiye Cumhuriyeti vatanda\u015f\u0131 olmak, yabanc\u0131 uyru\u011funda ise T\u00fcrkiye\u2019de ikamet etmekte bulunmak [&hellip;]<\/p>\n","protected":false},"author":1,"featured_media":0,"parent":1719,"menu_order":0,"comment_status":"closed","ping_status":"closed","template":"tpl\/page_single.php","meta":[],"_links":{"self":[{"href":"https:\/\/www.uhukder.com\/index.php\/wp-json\/wp\/v2\/pages\/1711"}],"collection":[{"href":"https:\/\/www.uhukder.com\/index.php\/wp-json\/wp\/v2\/pages"}],"about":[{"href":"https:\/\/www.uhukder.com\/index.php\/wp-json\/wp\/v2\/types\/page"}],"author":[{"embeddable":true,"href":"https:\/\/www.uhukder.com\/index.php\/wp-json\/wp\/v2\/users\/1"}],"replies":[{"embeddable":true,"href":"https:\/\/www.uhukder.com\/index.php\/wp-json\/wp\/v2\/comments?post=1711"}],"version-history":[{"count":7,"href":"https:\/\/www.uhukder.com\/index.php\/wp-json\/wp\/v2\/pages\/1711\/revisions"}],"predecessor-version":[{"id":2149,"href":"https:\/\/www.uhukder.com\/index.php\/wp-json\/wp\/v2\/pages\/1711\/revisions\/2149"}],"up":[{"embeddable":true,"href":"https:\/\/www.uhukder.com\/index.php\/wp-json\/wp\/v2\/pages\/1719"}],"wp:attachment":[{"href":"https:\/\/www.uhukder.com\/index.php\/wp-json\/wp\/v2\/media?parent=1711"}],"curies":[{"name":"wp","href":"https:\/\/api.w.org\/{rel}","templated":true}]}}